 b(v) = 4*v + 24. Give b(-3).
12
Let l(x) = 38*x + 27. Determine l(-1).
-11
Let d(u) = -u**2 + 18*u - 20. Give d(16).
12
Let w(z) = -7*z + 158. What is w(28)?
-38
Let u(v) = 2*v**3 - 25*v**2 + 20*v - 80. Determine u(12).
16
Let t(h) = -4*h - 59. What is t(-17)?
9
Let c(w) = w**3 + 2*w**2 - 3*w - 3. Determine c(-4).
-23
Let n(p) = p**3 - 9*p**2 + 3*p + 73. Determine n(7).
-4
Let m(d) = 7*d - 28. What is m(4)?
0
Let h(z) = -z**2 - 2*z + 42. Calculate h(0).
42
Let a(i) = -i**3 - 2*i - 6. Determine a(-4).
66
Let b(f) = 8*f + 3. Determine b(-2).
-13
Let s(u) = u**2 + 7*u - 38. Calculate s(-11).
6
Let i(b) = 6*b - 9. Calculate i(-7).
-51
Let i(d) = -8*d + 8. What is i(1)?
0
Let g(x) = -x**3 + 22*x**2 + 23*x + 3. Calculate g(23).
3
Let l(z) = z**3 - 7*z**2 - 14*z + 4. What is l(8)?
-44
Let q(o) = 4*o - 32. What is q(8)?
0
Let h(n) = -n**3 - 10*n**2 - 17*n - 5. Calculate h(-8).
3
Let p(x) = -2*x**2 + 50*x - 34. Give p(24).
14
Let l(r) = -23*r**3 + r**2 - r + 1. Calculate l(1).
-22
Let z(t) = -t**3 + 14*t**2 - 14*t - 7. What is z(13)?
-20
Let w(f) = f**3 - 12*f**2 + 33*f + 14. What is w(6)?
-4
Let r(v) = 5*v + 4. Determine r(-2).
-6
Let d(k) = -k - 9. Determine d(0).
-9
Let m(u) = -u + 22. What is m(0)?
22
Let n(k) = -30*k - 11. Calculate n(-5).
139
Let j(l) = l**2 - 4. Calculate j(6).
32
Let k(x) = x**2 + 4*x + 11. Give k(-4).
11
Let u(n) = n**2 + 3*n - 44. Calculate u(-8).
-4
Let s(j) = j**3 - 8*j**2 + 17*j - 12. Calculate s(6).
18
Let c(d) = -d**3 + 6*d**2 + 9*d + 18. Determine c(7).
32
Let k(h) = 6*h**2 - 63*h + 12. Calculate k(11).
45
Let b(p) = -5*p - 62. What is b(-10)?
-12
Let z(h) = 2*h + 14. Calculate z(5).
24
Let a(m) = -51*m - 148. What is a(-3)?
5
Let w(i) = i**3 - 7*i**2 - 4*i + 20. What is w(8)?
52
Let h(t) = -t**3 + 4*t**2 - 2*t + 6. Determine h(4).
-2
Let i(u) = 4*u - 69. What is i(19)?
7
Let y(d) = d**3 + 12*d**2 - 2*d - 4. What is y(-12)?
20
Let i(y) = -5*y - 2. What is i(-1)?
3
Let i(m) = -5*m**2 - 3*m - 4. Determine i(-2).
-18
Let u(i) = 4*i**2 - 26*i + 14. What is u(9)?
104
Let m(k) = k**3 - k**2 - 1. Determine m(-3).
-37
Let w(s) = -s**3 - 4*s**2 + 4*s + 1. Calculate w(2).
-15
Let y(z) = -z**3 + z**2 - 2*z - 99. Calculate y(0).
-99
Let k(v) = v**2 + 6*v + 7. Determine k(-5).
2
Let d(w) = w**3 - 7*w**2 + 5. What is d(7)?
5
Let x(b) = b**2 + 26*b + 149. Give x(-13).
-20
Let q(o) = -o + 2. What is q(-1)?
3
Let n(r) = -r**2 - 13*r - 16. What is n(-7)?
26
Let w(i) = 3*i**2 + 6*i - 14. Determine w(-6).
58
Let w(q) = -q**3 + 7*q**2 - 3*q + 5. Calculate w(7).
-16
Let p(r) = -2*r + 47. Calculate p(19).
9
Let t(f) = -f**2 - f - 1. Calculate t(-3).
-7
Let b(d) = d**2 - 10*d - 60. What is b(19)?
111
Let o(b) = -b**2 + 8*b - 9. Calculate o(4).
7
Let u(k) = 15*k - 65. Calculate u(5).
10
Let g(s) = -s**2 - 17*s + 2. Calculate g(-8).
74
Let c(h) = h**2 - 2*h + 2. Give c(5).
17
Let y(a) = -3*a**2 + 11*a - 18. Calculate y(2).
-8
Let w(o) = 2*o + 32. Determine w(-14).
4
Let u(v) = v**2 + 2*v + 40. What is u(0)?
40
Let k(r) = -3*r - 43. Determine k(-12).
-7
Let v(q) = q**2 + 13*q + 25. What is v(-14)?
39
Let l(h) = h**3 - 13*h**2 + 8*h + 10. Determine l(12).
-38
Let b(t) = 2*t. Determine b(-6).
-12
Let u(d) = d**2 + 9*d + 3. Determine u(-6).
-15
Let v(m) = 16*m. What is v(-2)?
-32
Let i(u) = 3*u**3 + 12*u**2 + 8*u - 1. Determine i(-4).
-33
Let l(h) = -h**3 + 7*h**2 + 9*h + 16. Give l(9).
-65
Let u(y) = -y**3 + 2*y**2 + 3*y + 4. Calculate u(4).
-16
Let a(u) = -u**2 + 8*u - 4. Calculate a(6).
8
Let g(i) = 19*i**3 + i - 1. Determine g(1).
19
Let h(i) = -i**2 - i - 26. Calculate h(0).
-26
Let p(q) = -3*q**2 + 38. Give p(0).
38
Let g(z) = -29*z + 1. Give g(-1).
30
Let m(w) = 2*w**2 + 58*w + 50. Give m(-27).
-58
Let f(z) = 4*z - 45. Determine f(21).
39
Let c(d) = 17*d - 61. Determine c(8).
75
Let d(y) = y**3 - 10*y**2 - 13*y - 12. Give d(11).
-34
Let w(y) = -7*y - 142. Calculate w(-22).
12
Let t(l) = 2*l**2 - 24*l + 42. Give t(10).
2
Let h(o) = 29*o - 412. What is h(14)?
-6
Let s(i) = -i + 1. Calculate s(12).
-11
Let i(u) = -u**2 - 3*u + 62. Calculate i(-8).
22
Let a(n) = 2*n**3 - 12*n**2 + 2*n + 5. Give a(6).
17
Let p(t) = 4*t - 20. Determine p(13).
32
Let d(y) = -4*y**3 + 4*y**2 + y - 6. What is d(2)?
-20
Let u(q) = q**3 + 6*q**2 - 12*q - 28. Determine u(-7).
7
Let h(d) = 3*d**3 - 3*d**2 - 4*d - 1. What is h(3)?
41
Let q(z) = z**3 + 6*z**2 + 5*z - 4. Give q(-5).
-4
Let t(v) = -v**3 + 11*v**2 - 3*v + 24. Give t(11).
-9
Let j(f) = -2*f - 12. Give j(-8).
4
Let q(b) = -18*b + 121. Give q(6).
13
Let c(f) = f**2 + 2*f - 9. Give c(-8).
39
Let n(p) = 3*p**3 + 8*p**2 + 5*p + 8. What is n(-3)?
-16
Let x(c) = c**3 - 3*c**2 + 2*c + 5. Determine x(-2).
-19
Let n(j) = j**2 - 7*j + 5. What is n(7)?
5
Let t(o) = o**3 + 10*o**2 + 4. Determine t(-10).
4
Let v(o) = -6*o - 2. Calculate v(1).
-8
Let z(y) = -y**3 + 9*y**2 - 3. Give z(8).
61
Let v(l) = -9*l - 43. Determine v(-6).
11
Let g(z) = 2*z + 19. What is g(-12)?
-5
Let y(h) = -33*h**2 - 9. Calculate y(2).
-141
Let d(t) = -6*t. Determine d(5).
-30
Let l(v) = -3*v**2 - 6*v + 25. Give l(4).
-47
Let j(t) = t**3 - t**2 + t + 12. Calculate j(0).
12
Let u(g) = g**3 - 60*g**2 + 120*g - 222. Determine u(58).
10
Let h(s) = -s + 24. What is h(13)?
11
Let j(u) = u**3 - 20*u**2 + 21*u - 59. What is j(19)?
-21
Let a(p) = p**2 + 11*p - 1. Determine a(-9).
-19
Let a(h) = h**2 - 13*h + 37. Give a(8).
-3
Let q(b) = b**3 - 4*b**2 + 3*b + 1. What is q(4)?
13
Let t(p) = p**2 - 6*p + 4. Calculate t(6).
4
Let y(l) = -13*l - 56. Calculate y(-6).
22
Let a(r) = -2*r**2 + 4*r + 65. Calculate a(0).
65
Let m(g) = -g**3 - 6*g**2 + 72*g + 6. Determine m(-12).
6
Let f(j) = -j**2 - 6*j - 10. Calculate f(-6).
-10
Let z(s) = -3*s**2 - 25*s - 7. What is z(-8)?
1
Let i(y) = -y**2 + 4*y + 5. Give i(4).
5
Let l(h) = -2*h**2 - h + 3. Give l(-2).
-3
Let z(u) = -2*u**2 + 37*u + 78. Determine z(-2).
-4
Let z(u) = 2*u**2 + 2*u + 1. Give z(-1).
1
Let x(t) = 37*t - 253. What is x(7)?
6
Let r(b) = -b**2 + 5*b - 2. Give r(5).
-2
Let v(p) = 4*p**3 + 2*p**2 + 2*p - 1. Calculate v(-2).
-29
Let h(j) = 18*j + 35. Determine h(-2).
-1
Let p(r) = r**3 - 12*r**2 - 13*r + 8. Calculate p(13).
8
Let v(d) = 2*d + 3. Determine v(3).
9
Let k(x) = -7*x**2 + 104*x + 19. Give k(15).
4
Let y(f) = -f**2 - 19*f + 6. Determine y(-19).
6
Let b(d) = -2*d**3 + d**2 + d + 2. What is b(2)?
-8
Let n(j) = 9*j**2 + 14*j + 2. Determine n(-1).
-3
Let f(o) = o**2 - 23*o - 4. Determine f(23).
-4
Let l(y) = 14*y + 192. Determine l(-16).
-32
Let g(l) = l**3 - 13*l**2 + 13*l - 16. Give g(12).
-4
Let v(k) = 5*k**2 - k + 1. Give v(-2).
23
Let o(y) = -y**3 - 5*y**2 - 4*y - 3. Determine o(-3).
-9
Let x(f) = -f**3 + 3*f**2 - 4*f + 2. Determine x(3).
-10
Let z(c) = c**2 + 17*c + 56. Calculate z(-11).
-10
Let r(l) = 6*l**2 + 41*l - 11. Calculate r(-7).
-4
Let x(b) = -b**2 - 13*b. What is x(-3)?
30
Let z(f) = 67*f**2 + 1. What is z(1)?
68
Let i(v) = v**3 - 8*v**2 - 17*v + 25. What is i(10)?
55
Let l(n) = n**2 + n + 8. Calculate l(-6).
38
Let x(l) = -24*l**2 - 1. Determine x(1).
-25
Let r(g) = -g**3 - 5*g**2 + 1. Calculate r(-4).
-15
Let t(v) = v**3 + v**2 - 5*v - 9. Determine t(-4).
-37
Let f(x) = -x**3 + 6*x**2 - 6*x - 3. What is f(5)?
-8
Let i(q) = 2*q - 32. What is i(13)?
-6
Let u(k) = -k**2 + 21*k - 6. Determine u(21).
-6
Let c(p) = -p**3 + 5*p**2 - 6*p + 11. Determine c(6).
-61
Let s(n) = -n**3 + 3*n**2 - 3*n - 2. Give s(4).
-30
Let o(a) = -11*a**2 - a + 6. Calculate o(2).
-40
Let r(k) = k**3 - 9*k**2 - 9*k - 9. Determine r(10).
1
Let p(v) = -v**3 + 4*v**2 - 4*v - 4. Calculate p(4).
-20
Let v(a) = a**2 - 5*a - 10. What is v(8)?
14
Let u(c) = -c**2 - 6*c - 16. Determine u(-7).
-23
Let g(r) = 2*r**3 - 26*r**2 - r + 15. Determine g(13).
2
Let v(z) = z**2 + 22*z - 28. What is v(-23)?
-5
Let r(s) = 3*s**2 - 3*s + 1. Calculate r(3).
19
Let a(x) = x**2 - 9*x + 4. Give a(10).
14
Let w(b) = -b**3 + 15*b**2 + 31*b + 53. What is w(17)?
2
Let y(r) = -6*r + 7. Determine y(1).
1
Let k(n) = 4*n + 67. Calculate k(-18).
-5
Let l(j) = -j**3 + 2*j**2 - 5*j + 20. Determine l(3).
-4
Let a(b) = -2*b + 20. Calculate a(7).
6
Let c(d) = -d**2 - 6*d - 9. Determine c(-3).
0
Let s(w) = 19*w + 193. Calculate s(-10).
3
Let o(j) = -j**3 - 30*j**2 + j + 36. Calculate o(-30).
6
Let x(h) = h**2 + 6*h - 10. Determine x(-6).
-10
Let t(